{"id":6,"date":"2022-11-30T04:12:12","date_gmt":"2022-11-30T04:12:12","guid":{"rendered":"http:\/\/sw-themes.com\/porto_dummy\/?page_id=6"},"modified":"2026-04-01T10:12:43","modified_gmt":"2026-04-01T07:12:43","slug":"home","status":"publish","type":"page","link":"https:\/\/turla.app\/","title":{"rendered":"turla &#8211; ana sayfa"},"content":{"rendered":"<div class=\"wpb-content-wrapper\"><p>[vc_row no_padding=&#8221;yes&#8221; content_placement=&#8221;middle&#8221; css=&#8221;.vc_custom_1669796837253{padding-top: 80px !important;padding-bottom: 80px !important;background-color: #1c1c1c !important;}&#8221; conditional_render=&#8221;%5B%7B%22value_role%22%3A%22administrator%22%7D%5D&#8221; el_class=&#8221;intro&#8221;][vc_column conditional_render=&#8221;%5B%7B%22value_role%22%3A%22administrator%22%7D%5D&#8221; el_class=&#8221;min-height-screen&#8221;][vc_row_inner wrap_container=&#8221;yes&#8221; content_placement=&#8221;middle&#8221; css=&#8221;.vc_custom_1669798307511{padding-top: 50px !important;padding-bottom: 50px !important;}&#8221;][vc_column_inner width=&#8221;1\/2&#8243;]<div class=\"porto-u-heading  wpb_custom_bb835dbf2245000972567484dd6397f1 porto-u-ad87e2eaf3f9c495180fe0156ddf3eb0 \" data-appear-animation=\"fadeIn\" data-appear-animation-delay=\"200\"><div class=\"porto-u-main-heading\" data-appear-animation=\"highlightShape\"><h2   style=\"color:#ffffff;margin-bottom: 32px;\"><span class=\"heading-highlight-before\"><\/span><span class=\"heading-highlight-svg\">turla<span class=\"svg-highlight scribble\"><svg class=\"highlight-scribble\" viewBox=\"0 0 760 60\" preserveAspectRatio=\"none\"><path d=\"M19,49C75.19,30.63,152,21,317.26,17.27c55.43-.41,198.33-2.08,407.85,12.53\"><\/path><\/svg><\/span><\/span><span class=\"heading-highlight-after\"> ile \u015fehri turla<\/span><\/h2><\/div><style>.porto-u-ad87e2eaf3f9c495180fe0156ddf3eb0.porto-u-heading{text-align:left}<\/style><\/div><div class=\"porto-u-heading pe-lg-5 me-lg-5  wpb_custom_07bc595de9b8868b70149c05a3068af6 porto-u-ad87e2eaf3f9c495180fe0156ddf3eb0 \" data-appear-animation=\"fadeIn\" data-appear-animation-delay=\"500\"><div class=\"porto-u-main-heading\"><h3 data-plugin-animated-words data-plugin-options=\"{&quot;startDelay&quot;:1300,&quot;minWindowWidth&quot;:0,&quot;animationSpeed&quot;:100,&quot;animationName&quot;:&quot;fadeIn&quot;,&quot;contentType&quot;:&quot;word&quot;}\"  style=\"color:#777777;margin-bottom: 35px;\">Payla\u015f\u0131ml\u0131 mobilite ile s\u00fcrd\u00fcr\u00fclebilir ve ye\u015fil bir d\u00fcnya i\u00e7in harekete ge\u00e7!<\/h3><\/div><style>.porto-u-ad87e2eaf3f9c495180fe0156ddf3eb0.porto-u-heading{text-align:left}<\/style><\/div>[vc_btn title=&#8221;Daha fazlas\u0131n\u0131 ke\u015ffet&#8221; color=&#8221;white&#8221; i_align=&#8221;right&#8221; i_icon_fontawesome=&#8221;fas fa-arrow-down&#8221; btn_fs=&#8221;1.2em&#8221; btn_fw=&#8221;600&#8243; btn_ls=&#8221;0&#8243; el_cls=&#8221;bg-transparent border-0 text-white&#8221; animation_delay=&#8221;3600&#8243; hover_effect=&#8221;hover-icon-up&#8221; add_icon=&#8221;true&#8221; custom_onclick=&#8221;true&#8221; link=&#8221;url:https%3A%2F%2Fturla.app%2F%23about-me|rel:nofollow&#8221; btn_px=&#8221;0px&#8221; btn_py=&#8221;0px&#8221; el_class=&#8221;mb-0&#8243; animation_type=&#8221;fadeIn&#8221; custom_onclick_code=&#8221;window.theme.scrolltoContainer(jQuery(&#8220;#about-me&#8220;));return false;&#8221;][\/vc_column_inner][vc_column_inner el_class=&#8221;mt-5 mt-md-0&#8243; width=&#8221;1\/2&#8243;]\n\t\t\t\t<p class=\"rs-p-wp-fix\"><\/p>\n\t\t\t\t<sr7-module data-alias=\"slider-2\" data-id=\"2\" id=\"SR7_2_1\" class=\"rs-ov-hidden\" data-version=\"6.7.39\">\n\t\t\t\t\t<sr7-adjuster><\/sr7-adjuster>\n\t\t\t\t\t<sr7-content>\n\t\t\t\t\t\t<sr7-carousel>\n\t\t\t\t\t\t<sr7-slide id=\"SR7_2_1-9\" data-key=\"9\">\n\t\t\t\t\t\t<\/sr7-slide>\n\t\t\t\t\t\t<sr7-slide id=\"SR7_2_1-12\" data-key=\"12\">\n\t\t\t\t\t\t<\/sr7-slide>\n\t\t\t\t\t\t<sr7-slide id=\"SR7_2_1-13\" data-key=\"13\">\n\t\t\t\t\t\t<\/sr7-slide>\n\t\t\t\t\t\t<sr7-slide id=\"SR7_2_1-14\" data-key=\"14\">\n\t\t\t\t\t\t<\/sr7-slide>\n\t\t\t\t\t\t<sr7-slide id=\"SR7_2_1-15\" data-key=\"15\">\n\t\t\t\t\t\t<\/sr7-slide>\n\t\t\t\t\t\t<sr7-slide id=\"SR7_2_1-6\" data-key=\"6\">\n\t\t\t\t\t\t<\/sr7-slide>\n\t\t\t\t\t\t<\/sr7-carousel>\n\t\t\t\t\t<\/sr7-content>\n\t\t\t\t\t<image_lists style=\"display:none\">\n\t\t\t\t\t\t<img data-src=\"\/\/turla.app\/wp-content\/uploads\/2025\/03\/scooter-suren-kadin.jpg\" data-libid=\"349\" data-lib=\"medialibrary\" title=\"scooter-suren-kadin\" width=\"0\" height=\"0\" data-dbsrc=\"Ly90dXJsYS5hcHAvd3AtY29udGVudC91cGxvYWRzLzIwMjUvMDMvc2Nvb3Rlci1zdXJlbi1rYWRpbi5qcGc=\"\/>\n\t\t\t\t\t\t<img data-src=\"\/\/turla.app\/wp-content\/uploads\/2025\/03\/scooter-suren-erkek.jpg\" data-libid=\"350\" data-lib=\"medialibrary\" title=\"scooter-suren-erkek\" width=\"0\" height=\"0\" data-dbsrc=\"Ly90dXJsYS5hcHAvd3AtY29udGVudC91cGxvYWRzLzIwMjUvMDMvc2Nvb3Rlci1zdXJlbi1lcmtlay5qcGc=\"\/>\n\t\t\t\t\t\t<img data-src=\"\/\/turla.app\/wp-content\/uploads\/2025\/03\/scooter-suren-kadin-2.jpg\" data-libid=\"351\" data-lib=\"medialibrary\" title=\"scooter-suren-kadin-2\" width=\"0\" height=\"0\" data-dbsrc=\"Ly90dXJsYS5hcHAvd3AtY29udGVudC91cGxvYWRzLzIwMjUvMDMvc2Nvb3Rlci1zdXJlbi1rYWRpbi0yLmpwZw==\"\/>\n\t\t\t\t\t\t<img data-src=\"\/\/turla.app\/wp-content\/uploads\/2025\/03\/scooter-suren-kadin-universite.jpg\" data-libid=\"368\" data-lib=\"medialibrary\" title=\"scooter-suren-kad\u0131n-universite\" width=\"0\" height=\"0\" data-dbsrc=\"Ly90dXJsYS5hcHAvd3AtY29udGVudC91cGxvYWRzLzIwMjUvMDMvc2Nvb3Rlci1zdXJlbi1rYWRpbi11bml2ZXJzaXRlLmpwZw==\"\/>\n\t\t\t\t\t\t<img data-src=\"\/\/turla.app\/wp-content\/uploads\/2025\/03\/scooter-suren-kadin-moccasin.jpg\" data-libid=\"369\" data-lib=\"medialibrary\" title=\"scooter-suren-kad\u0131n-moccasin\" width=\"0\" height=\"0\" data-dbsrc=\"Ly90dXJsYS5hcHAvd3AtY29udGVudC91cGxvYWRzLzIwMjUvMDMvc2Nvb3Rlci1zdXJlbi1rYWRpbi1tb2NjYXNpbi5qcGc=\"\/>\n\t\t\t\t\t<\/image_lists>\n\t\t\t\t<\/sr7-module>\n\t\t\t\t<script>\n\t\t\t\t\tSR7.PMH ??={}; SR7.PMH[\"SR7_2_1\"] = {cn:100,state:false,fn: function() { if (_tpt!==undefined && _tpt.prepareModuleHeight !== undefined) {  _tpt.prepareModuleHeight({id:\"SR7_2_1\",el:[600,600,768,960,720],type:'carousel',shdw:'0',gh:[600,600,600,600,411],gw:[700,700,700,700,480],vpt:['-100px'],size:{fullWidth:false, fullHeight:false},mh:'0',onh:0,onw:0,bg:{color:'{\"orig\":\"transparent\",\"type\":\"solid\",\"string\":\"transparent\"}'},carousel:{pt:'0',pb:'0'}});   SR7.PMH[\"SR7_2_1\"].state=true;} else if(SR7.PMH[\"SR7_2_1\"].cn-->0)\tsetTimeout( SR7.PMH[\"SR7_2_1\"].fn,19);}};SR7.PMH[\"SR7_2_1\" ].fn();\n\t\t\t\t<\/script>\n[\/vc_column_inner][\/vc_row_inner][\/vc_column][\/vc_row][vc_row content_placement=&#8221;middle&#8221; disable_element=&#8221;yes&#8221; css=&#8221;.vc_custom_1765792014557{padding-top: 50px !important;padding-bottom: 50px !important;}&#8221; conditional_render=&#8221;%5B%7B%22value_role%22%3A%22administrator%22%7D%5D&#8221; el_id=&#8221;about-me&#8221; css_params=&#8221;&#8221;][vc_column el_class=&#8221;min-height-screen&#8221; conditional_render=&#8221;%5B%7B%22value_role%22%3A%22administrator%22%7D%5D&#8221;][vc_row_inner wrap_container=&#8221;yes&#8221; el_class=&#8221;m-t-xl p-t-xl&#8221;][vc_column_inner width=&#8221;2\/12&#8243; offset=&#8221;vc_col-md-4&#8243;][\/vc_column_inner][vc_column_inner el_class=&#8221;mt-5 mt-md-0&#8243; width=&#8221;4\/12&#8243; offset=&#8221;vc_col-md-8&#8243; css=&#8221;.vc_custom_1742475591901{margin-top: 50px !important;}&#8221; css_params=&#8221;&#8221;][vc_custom_heading text=&#8221;nerede?&#8221; font_container=&#8221;tag:h2|font_size:2.1em|text_align:left|color:var(&#8211;porto-primary-color)&#8221; use_theme_fonts=&#8221;yes&#8221; font_weight=&#8221;600&#8243; letter_spacing=&#8221;0&#8243; show_border=&#8221;yes&#8221; border_skin=&#8221;primary&#8221; border_type=&#8221;middle-border-reverse&#8221; border_size=&#8221;xs&#8221; css=&#8221;.vc_custom_1742475437124{margin-top: -13px !important;margin-bottom: 21px !important;}&#8221; border_spacing=&#8221;{&#8220;xl&#8220;:&#8220;10&#8220;,&#8220;unit&#8220;:&#8220;&#8220;,&#8220;xs&#8220;:&#8220;&#8220;,&#8220;sm&#8220;:&#8220;&#8220;,&#8220;md&#8220;:&#8220;&#8220;,&#8220;lg&#8220;:&#8220;&#8220;}&#8221; el_class=&#8221;cross-heading&#8221; css_params=&#8221;&#8221;][vc_column_text css=&#8221;&#8221; css_params=&#8221;&#8221;]<h2 class=\"word-rotator slide m-b-sm\" style=\"text-align:left;\" data-plugin-options=\"{'waittime': 2500, 'pauseOnHover': false}\"><span class=\"word-rotator-items has-bg\" style=\"color:#ffffff;background:#cd2f27;\"><b class=\"active\">Urla'da<\/b><b>G\u00fclbah\u00e7e'de<\/b><\/span> <span class=\"word-rotate-suffix\" style=\"\">turla<\/span><\/h2>[\/vc_column_text][\/vc_column_inner][\/vc_row_inner][\/vc_column][\/vc_row][vc_section full_height=&#8221;yes&#8221; conditional_render=&#8221;%5B%7B%22value_role%22%3A%22administrator%22%7D%5D&#8221; css_params=&#8221;&#8221;][vc_row css=&#8221;.vc_custom_1765791407726{padding-top: 50px !important;padding-right: 50px !important;padding-bottom: 50px !important;padding-left: 50px !important;}&#8221; conditional_render=&#8221;%5B%7B%22value_role%22%3A%22administrator%22%7D%5D&#8221; css_params=&#8221;&#8221;][vc_column width=&#8221;1\/3&#8243; css=&#8221;.vc_custom_1765792492466{padding-top: 50px !important;padding-right: 80px !important;padding-bottom: 50px !important;padding-left: 80px !important;}&#8221; conditional_render=&#8221;%5B%7B%22value_role%22%3A%22administrator%22%7D%5D&#8221; css_params=&#8221;&#8221;][vc_empty_space][vc_empty_space][vc_empty_space][vc_empty_space][vc_custom_heading text=&#8221;turlamaya<br \/>\nnas\u0131l ba\u015flayaca\u011f\u0131m?&#8221; font_container=&#8221;tag:h2|text_align:center&#8221; google_fonts=&#8221;font_family:Modulus-pro-semi%3Aregular|font_style:400%20regular%3A400%3Anormal&#8221; css_params=&#8221;&#8221;][\/vc_column][vc_column width=&#8221;1\/3&#8243; css=&#8221;.vc_custom_1765792498895{padding-top: 50px !important;padding-right: 80px !important;padding-bottom: 50px !important;padding-left: 80px !important;}&#8221; conditional_render=&#8221;%5B%7B%22value_role%22%3A%22administrator%22%7D%5D&#8221; css_params=&#8221;&#8221;][vc_empty_space][vc_empty_space][vc_single_image image=&#8221;356&#8243; img_size=&#8221;&#8221; alignment=&#8221;center&#8221; onclick=&#8221;custom_link&#8221; css=&#8221;&#8221; link=&#8221;https:\/\/apps.apple.com\/tr\/app\/turla-%C5%9Fehri-turla\/id6744536398&#8243; css_params=&#8221;&#8221;][vc_single_image image=&#8221;357&#8243; img_size=&#8221;&#8221; alignment=&#8221;center&#8221; onclick=&#8221;custom_link&#8221; img_link_target=&#8221;_blank&#8221; css=&#8221;&#8221; link=&#8221;https:\/\/play.google.com\/store\/apps\/details?id=app.scootable.turla&#8221; css_params=&#8221;&#8221;][\/vc_column][vc_column width=&#8221;1\/3&#8243; css=&#8221;.vc_custom_1765792506286{padding-top: 50px !important;padding-right: 80px !important;padding-bottom: 80px !important;padding-left: 80px !important;}&#8221; conditional_render=&#8221;%5B%7B%22value_role%22%3A%22administrator%22%7D%5D&#8221; css_params=&#8221;&#8221;][vc_single_image image=&#8221;425&#8243; img_size=&#8221;full&#8221; alignment=&#8221;center&#8221; css=&#8221;&#8221; css_params=&#8221;&#8221;][\/vc_column][\/vc_row][\/vc_section][vc_section full_height=&#8221;yes&#8221; conditional_render=&#8221;%5B%7B%22value_role%22%3A%22administrator%22%7D%5D&#8221; css_params=&#8221;&#8221; css=&#8221;.vc_custom_1765833892945{background-color: var(&#8211;porto-secondary-color) !important;}&#8221;][vc_row css=&#8221;.vc_custom_1765791407726{padding-top: 50px !important;padding-right: 50px !important;padding-bottom: 50px !important;padding-left: 50px !important;}&#8221; conditional_render=&#8221;%5B%7B%22value_role%22%3A%22administrator%22%7D%5D&#8221; css_params=&#8221;&#8221;][vc_column width=&#8221;1\/2&#8243; css=&#8221;.vc_custom_1765833642042{padding-top: 150px !important;padding-right: 50px !important;padding-bottom: 50px !important;padding-left: 50px !important;}&#8221; conditional_render=&#8221;%5B%7B%22value_role%22%3A%22administrator%22%7D%5D&#8221; css_params=&#8221;&#8221;][vc_single_image image=&#8221;429&#8243; img_size=&#8221;full&#8221; alignment=&#8221;center&#8221; css=&#8221;&#8221; css_params=&#8221;&#8221;][\/vc_column][vc_column width=&#8221;1\/2&#8243; css=&#8221;.vc_custom_1765833421040{padding-top: 50px !important;padding-right: 50px !important;padding-bottom: 50px !important;padding-left: 50px !important;}&#8221; conditional_render=&#8221;%5B%7B%22value_role%22%3A%22administrator%22%7D%5D&#8221; css_params=&#8221;&#8221;][vc_custom_heading text=&#8221;Kendi \u015eehrimde<br \/>\nTurla Bayisi Olmak \u0130stiyorum&#8221; font_container=&#8221;tag:h2|text_align:center|color:var(&#8211;porto-light-color)&#8221; google_fonts=&#8221;font_family:Modulus-pro-semi%3Aregular|font_style:400%20regular%3A400%3Anormal&#8221; css_params=&#8221;&#8221;][vc_column_text css=&#8221;&#8221; text_color=&#8221;var(&#8211;porto-light-color)&#8221; css_params=&#8221;&#8221;]<\/p>\n<p data-start=\"300\" data-end=\"578\">Turla Mobilite, payla\u015f\u0131ml\u0131 mikromobiliteyi yerel g\u00fc\u00e7le b\u00fcy\u00fcten bir i\u015fletme modeli sunar.<br data-start=\"388\" data-end=\"391\" \/>Kendi \u015fehrinde s\u00fcrd\u00fcr\u00fclebilir, yenilik\u00e7i ve k\u00e2rl\u0131 bir i\u015f kurmak isteyen giri\u015fimciler i\u00e7in <strong data-start=\"481\" data-end=\"499\">Turla bayili\u011fi<\/strong>, g\u00fc\u00e7l\u00fc bir marka ve oturmu\u015f bir operasyonel yap\u0131 ile yola \u00e7\u0131kma imk\u00e2n\u0131 sa\u011flar.<\/p>\n<p data-start=\"580\" data-end=\"756\">Turla bayilik modeli sayesinde, y\u00fcksek adet zorunluluklar\u0131 veya karma\u015f\u0131k lisans s\u00fcre\u00e7leriyle kar\u015f\u0131la\u015fmadan, <strong data-start=\"688\" data-end=\"714\">minimum 50 scooter ile<\/strong> bir b\u00f6lgede faaliyet ba\u015flatmak m\u00fcmk\u00fcnd\u00fcr.<\/p>\n<p>[\/vc_column_text][vc_tta_accordion section_title_tag=&#8221;p&#8221; color=&#8221;sandy-brown&#8221; active_section=&#8221;&#8221; collapsible_all=&#8221;true&#8221; css_params=&#8221;&#8221;][vc_tta_section title=&#8221;B\u00f6lge N\u00fcfusuna G\u00f6re \u00d6rnek Filo B\u00fcy\u00fckl\u00fckleri&#8221; tab_id=&#8221;1765833663453-933eb4c7-cd01&#8243;][vc_column_text css=&#8221;&#8221; css_params=&#8221;&#8221;]<\/p>\n<p data-start=\"807\" data-end=\"997\">Turla, her b\u00f6lgenin demografik ve mek\u00e2nsal \u00f6zelliklerine g\u00f6re \u00f6l\u00e7eklenen bir yap\u0131 sunar. A\u015fa\u011f\u0131daki rakamlar, sa\u011fl\u0131kl\u0131 ve s\u00fcrd\u00fcr\u00fclebilir operasyonlar i\u00e7in \u00f6nerilen tipik filo b\u00fcy\u00fckl\u00fckleridir:<\/p>\n<ul data-start=\"999\" data-end=\"1283\">\n<li data-start=\"999\" data-end=\"1067\">\n<p data-start=\"1001\" data-end=\"1067\"><strong data-start=\"1001\" data-end=\"1027\">N\u00fcfus: 10.000 \u2013 50.000<\/strong><br data-start=\"1027\" data-end=\"1030\" \/>\u00d6nerilen Filo:\u00a0<strong data-start=\"1047\" data-end=\"1067\">50 \u2013 100 scooter<\/strong><\/p>\n<\/li>\n<li data-start=\"1069\" data-end=\"1139\">\n<p data-start=\"1071\" data-end=\"1139\"><strong data-start=\"1071\" data-end=\"1098\">N\u00fcfus: 50.000 \u2013 100.000<\/strong><br data-start=\"1098\" data-end=\"1101\" \/>\u00d6nerilen Filo:\u00a0<strong data-start=\"1118\" data-end=\"1139\">100 \u2013 500 scooter<\/strong><\/p>\n<\/li>\n<li data-start=\"1141\" data-end=\"1214\">\n<p data-start=\"1143\" data-end=\"1214\"><strong data-start=\"1143\" data-end=\"1171\">N\u00fcfus: 100.000 \u2013 250.000<\/strong><br data-start=\"1171\" data-end=\"1174\" \/>\u00d6nerilen Filo:\u00a0<strong data-start=\"1191\" data-end=\"1214\">500 \u2013 1.000 scooter<\/strong><\/p>\n<\/li>\n<li data-start=\"1216\" data-end=\"1283\">\n<p data-start=\"1218\" data-end=\"1283\"><strong data-start=\"1218\" data-end=\"1245\">N\u00fcfus: 250.000 ve \u00fczeri<\/strong><br data-start=\"1245\" data-end=\"1248\" \/>\u00d6nerilen Filo:\u00a0<strong data-start=\"1265\" data-end=\"1283\">1.000+ scooter<\/strong><\/p>\n<\/li>\n<\/ul>\n<p data-start=\"1285\" data-end=\"1400\">Bu yap\u0131 sayesinde bayiler,\u00a0<strong data-start=\"1312\" data-end=\"1338\">k\u00fc\u00e7\u00fck \u00f6l\u00e7ekle ba\u015flay\u0131p<\/strong>\u00a0talep do\u011frultusunda filolar\u0131n\u0131 kontroll\u00fc \u015fekilde b\u00fcy\u00fctebilir.<\/p>\n<p>[\/vc_column_text][\/vc_tta_section][vc_tta_section title=&#8221;Kimlerle \u00c7al\u0131\u015fmak \u0130stiyoruz?&#8221; tab_id=&#8221;1765833663485-6e6afb17-bb38&#8243;][vc_column_text css=&#8221;&#8221; css_params=&#8221;&#8221;]<\/p>\n<p data-start=\"1436\" data-end=\"1626\">Turla, yaln\u0131zca bayilik veren bir marka de\u011fil; bulundu\u011fu b\u00f6lgede <strong data-start=\"1501\" data-end=\"1531\">g\u00fcven, sayg\u0131nl\u0131k ve kalite<\/strong> in\u015fa etmeyi hedefleyen bir ekosistemdir. Bu nedenle i\u015f ortaklar\u0131m\u0131zda \u015fu \u00f6zellikleri ar\u0131yoruz:<\/p>\n<ul data-start=\"1628\" data-end=\"1903\">\n<li data-start=\"1628\" data-end=\"1673\">\n<p data-start=\"1630\" data-end=\"1673\">B\u00f6lgesinde <strong data-start=\"1641\" data-end=\"1662\">tan\u0131nan ve sayg\u0131n<\/strong> esnaflar<\/p>\n<\/li>\n<li data-start=\"1674\" data-end=\"1735\">\n<p data-start=\"1676\" data-end=\"1735\">Yerel dinamikleri bilen <strong data-start=\"1700\" data-end=\"1733\">gen\u00e7 ve vizyoner giri\u015fimciler<\/strong><\/p>\n<\/li>\n<li data-start=\"1736\" data-end=\"1799\">\n<p data-start=\"1738\" data-end=\"1799\">Operasyonel disipline \u00f6nem veren, sahay\u0131 sahiplenen ki\u015filer<\/p>\n<\/li>\n<li data-start=\"1800\" data-end=\"1903\">\n<p data-start=\"1802\" data-end=\"1903\">Turla\u2019n\u0131n markas\u0131n\u0131, de\u011ferlerini ve kullan\u0131c\u0131 odakl\u0131 yakla\u015f\u0131m\u0131n\u0131 <strong data-start=\"1867\" data-end=\"1888\">temsil edebilecek<\/strong> i\u015f ortaklar\u0131<\/p>\n<\/li>\n<\/ul>\n<p data-start=\"1905\" data-end=\"2011\">Turla bayileri, yaln\u0131zca bir i\u015fletmeci de\u011fil; ayn\u0131 zamanda markan\u0131n o b\u00f6lgedeki <strong data-start=\"1985\" data-end=\"2010\">y\u00fcz\u00fc ve temsilcisidir<\/strong>.<\/p>\n<p data-start=\"2013\" data-end=\"2045\"><strong>Yerel G\u00fc\u00e7le, G\u00fc\u00e7l\u00fc Bir Marka<\/strong><\/p>\n<p data-start=\"2047\" data-end=\"2265\">Turla bayilik modeli, yerel giri\u015fimcinin sahadaki g\u00fcc\u00fcn\u00fc, merkezi bir markan\u0131n teknolojisi ve operasyonel bilgisiyle birle\u015ftirir. Sonu\u00e7; daha d\u00fc\u015f\u00fck risk, daha \u00f6ng\u00f6r\u00fclebilir gelir ve s\u00fcrd\u00fcr\u00fclebilir bir b\u00fcy\u00fcme modelidir.<\/p>\n<p>[\/vc_column_text][\/vc_tta_section][\/vc_tta_accordion][\/vc_column][\/vc_row][\/vc_section]<\/p>\n<\/div>","protected":false},"excerpt":{"rendered":"<p>[vc_row no_padding=&#8221;yes&#8221; content_placement=&#8221;middle&#8221; css=&#8221;.vc_custom_1669796837253{padding-top: 80px !important;padding-bottom: 80px !important;background-color: #1c1c1c !important;}&#8221; conditional_render=&#8221;%5B%7B%22value_role%22%3A%22administrator%22%7D%5D&#8221; el_class=&#8221;intro&#8221;][vc_column conditional_render=&#8221;%5B%7B%22value_role%22%3A%22administrator%22%7D%5D&#8221; el_class=&#8221;min-height-screen&#8221;][vc_row_inner wrap_container=&#8221;yes&#8221; content_placement=&#8221;middle&#8221; css=&#8221;.vc_custom_1669798307511{padding-top: 50px !important;padding-bottom: 50px !important;}&#8221;][vc_column_inner width=&#8221;1\/2&#8243;][vc_btn title=&#8221;Daha fazlas\u0131n\u0131 ke\u015ffet&#8221; color=&#8221;white&#8221; i_align=&#8221;right&#8221; i_icon_fontawesome=&#8221;fas fa-arrow-down&#8221; btn_fs=&#8221;1.2em&#8221; btn_fw=&#8221;600&#8243; btn_ls=&#8221;0&#8243; el_cls=&#8221;bg-transparent border-0 text-white&#8221; animation_delay=&#8221;3600&#8243; hover_effect=&#8221;hover-icon-up&#8221; add_icon=&#8221;true&#8221; custom_onclick=&#8221;true&#8221; link=&#8221;url:https%3A%2F%2Fturla.app%2F%23about-me|rel:nofollow&#8221; btn_px=&#8221;0px&#8221; btn_py=&#8221;0px&#8221; el_class=&#8221;mb-0&#8243; animation_type=&#8221;fadeIn&#8221; custom_onclick_code=&#8221;window.theme.scrolltoContainer(jQuery(&#8220;#about-me&#8220;));return false;&#8221;][\/vc_column_inner][vc_column_inner el_class=&#8221;mt-5 mt-md-0&#8243; width=&#8221;1\/2&#8243;][\/vc_column_inner][\/vc_row_inner][\/vc_column][\/vc_row][vc_row content_placement=&#8221;middle&#8221; disable_element=&#8221;yes&#8221; css=&#8221;.vc_custom_1765792014557{padding-top: 50px !important;padding-bottom: 50px [&hellip;]<\/p>\n","protected":false},"author":1,"featured_media":0,"parent":0,"menu_order":0,"comment_status":"closed","ping_status":"closed","template":"","meta":{"footnotes":""},"class_list":["post-6","page","type-page","status-publish","hentry"],"_links":{"self":[{"href":"https:\/\/turla.app\/index.php\/wp-json\/wp\/v2\/pages\/6","targetHints":{"allow":["GET"]}}],"collection":[{"href":"https:\/\/turla.app\/index.php\/wp-json\/wp\/v2\/pages"}],"about":[{"href":"https:\/\/turla.app\/index.php\/wp-json\/wp\/v2\/types\/page"}],"author":[{"embeddable":true,"href":"https:\/\/turla.app\/index.php\/wp-json\/wp\/v2\/users\/1"}],"replies":[{"embeddable":true,"href":"https:\/\/turla.app\/index.php\/wp-json\/wp\/v2\/comments?post=6"}],"version-history":[{"count":24,"href":"https:\/\/turla.app\/index.php\/wp-json\/wp\/v2\/pages\/6\/revisions"}],"predecessor-version":[{"id":433,"href":"https:\/\/turla.app\/index.php\/wp-json\/wp\/v2\/pages\/6\/revisions\/433"}],"wp:attachment":[{"href":"https:\/\/turla.app\/index.php\/wp-json\/wp\/v2\/media?parent=6"}],"curies":[{"name":"wp","href":"https:\/\/api.w.org\/{rel}","templated":true}]}}